7407?
False
Is 80005580 a multiple of 20?
True
Is 1776073551 a multiple of 343?
True
Is 20289312 a multiple of 54?
True
Does 80 divide 41784400?
True
Does 44 divide 4305222856?
True
Is 59338764 a multiple of 2800?
False
Is 101 a factor of 5227014?
False
Is 136416783 a multiple of 601?
True
Is 82422064 a multiple of 88?
False
Is 270 a factor of 14256270?
True
Is 2642 a factor of 3187113292?
True
Does 419 divide 29096617?
True
Does 106 divide 2208018867?
False
Is 1500102728 a multiple of 18?
False
Does 2643 divide 109042251?
True
Is 1141780 a multiple of 24?
False
Is 50702411 a multiple of 120?
False
Is 97 a factor of 889862623?
False
Does 6 divide 2512208238?
True
Does 94 divide 11722364?
True
Is 79491875 a multiple of 25?
True
Is 280249794 a multiple of 17?
True
Is 499142787 a multiple of 3809?
True
Is 2685 a factor of 10349103?
False
Is 38 a factor of 315399620?
True
Is 99942700 a multiple of 638?
True
Is 83641014 a multiple of 157?
False
Is 543244284 a multiple of 66?
True
Is 1734 a factor of 46688601?
False
Is 29 a factor of 53560854?
True
Is 566 a factor of 19355502?
True
Is 195 a factor of 661610820?
True
Does 230 divide 16696685?
False
Is 157 a factor of 43182850?
True
Is 86818740 a multiple of 1698?
True
Is 4 a factor of 8824611?
False
Does 658 divide 277011420?
True
Does 14 divide 250596542?
True
Does 65 divide 362656775?
True
Is 37686066 a multiple of 1214?
False
Is 29 a factor of 20508191?
True
Does 6 divide 14132219?
False
Is 12936591 a multiple of 1251?
True
Is 2780963 a multiple of 23?
False
Is 3210045 a multiple of 19?
False
Does 211 divide 47656460?
True
Is 875 a factor of 11516729?
False
Is 149 a factor of 39486915?
False
Is 26 a factor of 54134236?
True
Does 11 divide 91971539?
True
Is 1320 a factor of 35150280?
True
Is 72 a factor of 736200?
True
Is 112 a factor of 2194219888?
True
Is 632326213 a multiple of 732?
False
Does 44 divide 69230846?
False
Is 3903 a factor of 253003728?
False
Does 68 divide 398963752?
True
Is 2038520086 a multiple of 4439?
False
Is 439842934 a multiple of 12?
False
Is 1615 a factor of 25462930?
False
Is 105941066 a multiple of 11?
True
Is 287 a factor of 1213518313?
False
Is 131 a factor of 63683816?
True
Is 66319388 a multiple of 53?
False
Does 14 divide 6395174?
False
Is 5513430 a multiple of 670?
True
Does 657 divide 11700662?
False
Does 95 divide 5041314?
False
Does 50 divide 24286611?
False
Is 490 a factor of 1232728516?
False
Does 26 divide 8274474?
True
Is 1944 a factor of 3942936582?
False
Is 34891907 a multiple of 47?
True
Is 1291 a factor of 85456475?
False
Is 6 a factor of 311484?
True
Does 30 divide 54635369?
False
Is 615 a factor of 47207400?
True
Is 3387403 a multiple of 756?
False
Does 33 divide 48642660?
True
Is 22 a factor of 5157680?
True
Is 33844527 a multiple of 9?
True
Is 27861155 a multiple of 15?
False
Is 62 a factor of 4966324?
True
Is 357 a factor of 860194493?
False
Is 352 a factor of 80748448?
True
Does 161 divide 2594032?
True
Is 3591 a factor of 2713789031?
False
Does 171 divide 218231397?
True
Is 7099084 a multiple of 31?
False
Is 630071318 a multiple of 61?
True
Is 331 a factor of 4903097042?
True
Is 563 a factor of 56498934?
False
Does 52 divide 315818478?
False
Is 2622 a factor of 1899451132?
False
Is 14 a factor of 5070258?
False
Does 40 divide 129561160?
True
Is 4136 a factor of 132032112?
False
Is 3189413639 a multiple of 751?
True
Is 314291223 a multiple of 61?
False
Does 134 divide 24150096?
False
Does 248 divide 74036432?
True
Is 12 a factor of 171480?
True
Is 1668 a factor of 356027928?
True
Is 14 a factor of 936747728?
True
Is 309671265 a multiple of 16?
False
Does 1935 divide 1679795734?
False
Does 13 divide 10681859?
False
Is 8 a factor of 21034814?
False
Is 33297344 a multiple of 16?
True
Is 19 a factor of 163321150?
True
Is 18102934 a multiple of 282?
False
Is 14064522 a multiple of 194?
False
Is 79489179 a multiple of 99?
True
Is 681753928 a multiple of 421?
True
Is 4369 a factor of 289032620?
False
Does 1965 divide 13974770?
False
Does 411 divide 59223867?
True
Is 295 a factor of 19997460?
True
Is 5892710 a multiple of 578?
True
Is 1756319294 a multiple of 91?
False
Does 7 divide 81173318?
False
Is 21 a factor of 7340548?
False
Does 2 divide 7399057?
False
Is 91483055 a multiple of 5?
True
Does 422 divide 85099389?
False
Is 7684950 a multiple of 195?
True
Is 9533054 a multiple of 6?
False
Does 11 divide 147272987?
False
Is 49724082 a multiple of 731?
True
Is 18073757 a multiple of 377?
True
Is 1408 a factor of 105857536?
False
Is 128234928 a multiple of 3706?
False
Is 4944 a factor of 352512144?
True
Is 36 a factor of 71372808?
True
Is 33 a factor of 14515479?
True
Is 972 a factor of 151442497?
False
Is 79595145 a multiple of 35?
True
Is 156568273 a multiple of 2233?
False
Does 4916 divide 1138884804?
True
Is 83243052 a multiple of 972?
True
Is 66178176 a multiple of 12?
True
Is 4829 a factor of 1650107546?
False
Is 16 a factor of 59198911?
False
Does 35 divide 448158655?
True
Is 1457125 a multiple of 125?
True
Is 18912780 a multiple of 12?
True
Is 2727808 a multiple of 51?
False
Is 148 a factor of 1708316631?
False
Does 2 divide 524554283?
False
Does 353 divide 37836198?
False
Is 19 a factor of 608595821?
True
Does 2 divide 8460673?
False
Does 600 divide 2190674575?
False
Is 829863955 a multiple of 155?
True
Is 57493542 a multiple of 393?
True
Is 2112 a factor of 15322560?
True
Does 30 divide 217117325?
False
Is 1171258260 a multiple of 2089?
False
Is 38 a factor of 1070118?
True
Does 2 divide 3185985?
False
Is 98 a factor of 99575938?
True
Does 339 divide 102278317?
False
Is 8448 a factor of 3299383296?
True
Is 14735080 a multiple of 7?
False
Is 915144360 a multiple of 52?
True
Is 11283240 a multiple of 12?
True
Does 679 divide 559930919?
False
Does 55 divide 17527528?
False
Is 15405675 a multiple of 361?
True
Is 1984 a factor of 228987328?
True
Is 65571219 a multiple of 3?
True
Does 156 divide 65016120?
True
Does 10 divide 40916909?
False
Is 15188648 a multiple of 776?
True
Is 11 a factor of 157061102?
True
Does 26 divide 57425602?
True
Does 357 divide 114833416?
False
Does 7 divide 3423836?
False
Is 1541 a factor of 742037730?
True
Does 367 divide 2429336315?
True
Does 114 divide 176394936?
True
Does 597 divide 243640476?
True
Is 1004561749 a multiple of 7483?
False
Is 23881348 a multiple of 8?
False
Does 1572 divide 304354920?
True
Is 209 a factor of 215706555?
False
Is 178 a factor of 361417756?
False
Does 27 divide 92407291?
False
Does 303 divide 738108?
True
Is 1221950479 a multiple of 4307?
False
Is 48 a factor of 2022326880?
True
Does 2 divide 19222270?
True
Does 14 divide 78669205?
False
Is 15239253 even?
False
Is 3292 a factor of 890383773?
False
Is 335 a factor of 43168435?
True
Is 10 a factor of 468488988?
False
Is 152 a factor of 23321539?
False
Is 396303596 a multiple of 2738?
True
Is 211844913 a multiple of 507?
False
Is 4 a factor of 76225443?
False
Is 338 a factor of 864792399?
False
Is 633 a factor of 23758858?
False
Does 204 divide 22071780?
True
Does 9 divide 264246136?
False
Does 20 divide 36136380?
True
Does 14 divide 1180154480?
False
Does 3050 divide 125451517?
False
Is 1362 a factor of 1052897267?
False
Does 157 divide 8509611?
False
Does 38 divide 227181100?
True
Does 1318 divide 205352308?
True
Is 777602308 a multiple of 14?
True
Does 6 divide 42208836?
True
Does 10 divide 535470240?
True
Is 49349635 a multiple of 318?
False
Is 17342528 a multiple of 112?
True
Is 65881898 a multiple of 541?
True
Is 64 a factor of 163691712?
True
Is 3827112514 a multiple of 1371?
False
Is 8862040 a multiple of 121?
True
Is 727 a factor of 482156578?
True
Does 10 divide 4671026?
False
Is 38 a factor of 175415676?
True
Is 50224910 a multiple of 185?
True
Is 45926712 a multiple of 19?
False
Does 77 divide 591061625?
True
Is 163 a factor of 1822590205?
True
Is 190 a factor of 131060100?
True
Is 87 a factor of 195535418?
False
Is 16 a factor of 114877983?
False
Is 1907611404 a multiple of 53?
True
Does 3074 divide 141145784?
True
Is 12 a factor of 49357584?
True
Is 4384 a factor of 819864992?
True
Is 7311588 a multiple of 283?
True
Does 4900 divide 466280110?
False
Does 117 divide 11683016?
False
Does 229 divide 237149194?
True
Is 50616929 a 